a multiple of 253?
False
Does 266 divide 1565675825?
False
Is 70236400 a multiple of 1300?
True
Is 1021050927 a multiple of 16?
False
Is 6 a factor of 267984289?
False
Does 76 divide 46961616?
True
Does 3378 divide 937030343?
False
Does 2541 divide 181054369?
False
Is 4942442998 a multiple of 23?
True
Is 24987878 a multiple of 1698?
False
Is 4 a factor of 23638951?
False
Is 770 a factor of 281996330?
True
Is 50016312 a multiple of 36?
True
Is 24020723 a multiple of 326?
False
Is 55219773 a multiple of 3?
True
Is 837403840 a multiple of 2980?
True
Does 87 divide 186328770?
True
Does 14 divide 127725444?
True
Is 1485 a factor of 207226345?
False
Is 221 a factor of 3507606?
False
Is 137 a factor of 76241870?
True
Is 627524337 a multiple of 11?
True
Is 2780 a factor of 4676399719?
False
Is 3306222 a multiple of 50?
False
Does 167 divide 141194333?
False
Does 30 divide 4824770853?
False
Is 101 a factor of 57906532?
True
Is 286 a factor of 33458282?
True
Is 826523 a multiple of 596?
False
Is 66818020 a multiple of 47?
True
Is 127 a factor of 41593618?
False
Is 13 a factor of 316292265?
False
Does 436 divide 2825716?
True
Does 82 divide 100883604?
False
Is 44447600 a multiple of 5?
True
Is 268317851 a multiple of 32?
False
Is 11 a factor of 113770074?
True
Is 22950350 a multiple of 3?
False
Does 163 divide 1353715?
True
Is 35 a factor of 15413067?
False
Is 125 a factor of 370825500?
True
Is 273 a factor of 81201098?
False
Is 24039568 a multiple of 14?
True
Is 6339 a factor of 644458813?
False
Is 56865158 a multiple of 163?
True
Does 384 divide 16063108?
False
Is 181076988 a multiple of 587?
False
Is 440 a factor of 1541650440?
True
Does 2422 divide 166856699?
False
Does 76 divide 225980586?
False
Does 135 divide 3186135?
True
Does 3 divide 13994872?
False
Is 160 a factor of 560160?
True
Is 96 a factor of 18068991?
False
Is 23 a factor of 3264604659?
True
Does 1165 divide 1485590196?
False
Does 19 divide 56408694?
False
Is 90089211 a multiple of 62?
False
Is 19 a factor of 2254381533?
False
Does 114 divide 87215635?
False
Does 3268 divide 295941001?
False
Is 5 a factor of 730868515?
True
Is 427047390 a multiple of 5535?
True
Is 162672775 a multiple of 75?
False
Is 283571700 a multiple of 100?
True
Does 40 divide 109625760?
True
Is 9 a factor of 4121396?
False
Does 355 divide 232225025?
True
Is 36 a factor of 13940784?
True
Does 40 divide 383875040?
True
Does 70 divide 58000010?
False
Is 8 a factor of 1122780789?
False
Is 155398313 a multiple of 1253?
True
Is 77499920 a multiple of 80?
True
Is 27 a factor of 104827338?
True
Does 415 divide 38487365?
False
Does 8 divide 191455792?
True
Is 35 a factor of 290067617?
False
Is 212 a factor of 20586472?
True
Is 914 a factor of 70676746?
False
Is 27 a factor of 18077748?
False
Is 7 a factor of 54873217?
True
Does 2473 divide 70060090?
True
Does 2 divide 146580?
True
Is 307 a factor of 6005537?
False
Does 1165 divide 529143747?
False
Is 68413492 a multiple of 14?
True
Is 47873551 a multiple of 14?
False
Does 259 divide 37438005?
False
Is 149135675 a multiple of 32?
False
Is 17 a factor of 1597262234?
True
Is 238795343 a multiple of 88?
False
Is 12047840 a multiple of 868?
True
Is 1527 a factor of 37352808?
False
Is 930829805 a multiple of 286?
False
Does 302 divide 2234984?
False
Is 56066203 a multiple of 41?
False
Is 10084 a factor of 2431302820?
True
Is 38 a factor of 14804126?
False
Is 26179199 a multiple of 67?
False
Does 172 divide 51434373?
False
Does 7 divide 211029875?
True
Does 155 divide 3800473795?
False
Is 553 a factor of 2880521273?
False
Does 10 divide 130088060?
True
Does 2390 divide 44895872?
False
Is 111 a factor of 175403532?
True
Is 62 a factor of 1646467510?
False
Is 3149085156 a multiple of 1596?
True
Does 48 divide 3282240?
True
Is 552918370 a multiple of 5?
True
Is 197338145 a multiple of 287?
False
Does 26 divide 46044700?
True
Is 38 a factor of 627162272?
False
Does 16 divide 78899614?
False
Is 13 a factor of 40991145?
True
Is 4468375 a multiple of 125?
True
Does 20 divide 79975785?
False
Is 51 a factor of 44642872?
False
Does 162 divide 155546614?
False
Does 97 divide 9953961?
False
Does 137 divide 14648408?
False
Does 5 divide 46442223?
False
Does 13 divide 2854202?
True
Is 1566301009 a multiple of 871?
True
Is 858 a factor of 5293242489?
False
Is 687 a factor of 3819717252?
True
Is 230 a factor of 47582170?
True
Is 175592609 a multiple of 10?
False
Is 15 a factor of 1572854025?
True
Does 64 divide 13913196?
False
Is 477 a factor of 3720612?
False
Is 59 a factor of 209947842?
True
Is 2717067816 a multiple of 6830?
False
Is 5031421 a multiple of 2?
False
Is 136738021 a multiple of 16?
False
Does 52 divide 222550120?
True
Does 43 divide 517423442?
False
Does 419 divide 19882917?
False
Does 364 divide 95017258?
False
Is 12076279 a multiple of 239?
False
Does 11305 divide 305336745?
True
Does 2 divide 52021564?
True
Is 1080900261 a multiple of 7749?
True
Is 69680715 a multiple of 31?
True
Is 2609127877 a multiple of 169?
False
Is 930 a factor of 745892183?
False
Is 14695840 a multiple of 4?
True
Is 630 a factor of 5362944?
False
Is 54 a factor of 1479222378?
True
Is 29 a factor of 16008284?
False
Is 98311004 a multiple of 847?
False
Does 160 divide 113229600?
True
Does 4296 divide 7276621290?
False
Does 3476 divide 819331436?
True
Does 806 divide 62590544?
False
Is 378138394 a multiple of 401?
False
Is 360 a factor of 1521101330?
False
Does 73 divide 97867012?
True
Is 69 a factor of 99113346?
False
Does 134 divide 268776396?
True
Does 131 divide 854797401?
True
Is 10 a factor of 6032148?
False
Does 6 divide 16204842?
True
Is 30 a factor of 79055660?
False
Does 15 divide 133300779?
False
Is 3133 a factor of 192582377?
True
Does 62 divide 81132929?
False
Is 5 a factor of 173900713?
False
Is 1911446724 a multiple of 12?
True
Is 30746998 a multiple of 49?
False
Does 140 divide 73229660?
True
Does 245 divide 427490291?
False
Does 2048 divide 4504119?
False
Is 15 a factor of 1076720220?
True
Does 67 divide 31730980?
False
Is 34528800 a multiple of 48?
True
Does 647 divide 11986322?
True
Is 555 a factor of 250826145?
True
Is 154922600 a multiple of 50?
True
Does 4 divide 3965380?
True
Is 35687232 a multiple of 334?
True
Is 228713035 a multiple of 1349?
False
Is 6 a factor of 11574642?
True
Is 76465693 a multiple of 515?
False
Is 246 a factor of 49632468?
True
Is 66644049 a multiple of 64?
False
Does 2130 divide 114530100?
True
Is 333 a factor of 47923356?
False
Is 195716340 a multiple of 356?
True
Is 486804521 a multiple of 7?
True
Does 235 divide 107300058?
False
Does 26 divide 746492?
False
Is 25842986 a multiple of 11?
False
Is 8310 a factor of 141868320?
True
Is 1350892914 a multiple of 1630?
False
Is 351494154 a multiple of 11?
True
Does 1119 divide 412145256?
False
Is 8 a factor of 137459712?
True
Is 6 a factor of 79895274?
True
Is 13 a factor of 333365952?
False
Does 51 divide 1167030603?
True
Does 67 divide 1874424629?
True
Is 138626947 a multiple of 42?
False
Is 557 a factor of 79883826?
True
Does 70 divide 24908738?
False
Is 8 a factor of 476627?
False
Is 21056200 a multiple of 88?
True
Does 584 divide 14389760?
True
Does 38 divide 289986383?
False
Is 2 a factor of 504443341?
False
Is 76 a factor of 15866342?
False
Is 184640653 a multiple of 3?
False
Is 3 a factor of 12491460?
True
Is 46992770 a multiple of 1210?
True
Is 4566356486 a multiple of 14?
False
Does 1105 divide 1434582825?
True
Is 1434 a factor of 12795800?
False
Is 1917202250 a multiple of 26?
False
Is 161 a factor of 1181006001?
True
Is 37217320 a multiple of 61?
True
Does 125 divide 105807500?
True
Is 65333058 a multiple of 434?
True
Is 440 a factor of 16360565?
False
Is 42 a factor of 39612400?
False
Is 1633 a factor of 220605236?
True
Does 4576 divide 829798112?
True
Is 1365 a factor of 372212295?
True
Is 168870966 a multiple of 2307?
False
Is 12860815 a multiple of 170?
False
Is 33074838 a multiple of 93?
False
Is 12748512 a multiple of 112?
True
Is 8 a factor of 39423200?
True
Does 2 divide 93535187?
False
Is 3 a factor of 4483617?
True
Is 292811528 a multiple of 8?
True
Does 34 divide 14429318?
False
Is 112058194 a multiple of 281?
False
Is 231 a factor of 122804377?
False
Does 81 divide 103347171?
True
Is 3293